 the greatest common factor of 153 and 189.
9
Calculate the highest common factor of 222 and 4218.
222
Calculate the greatest common factor of 16 and 80.
16
Calculate the greatest common divisor of 29 and 116.
29
What is the highest common divisor of 75 and 25?
25
Calculate the highest common factor of 180 and 630.
90
What is the greatest common factor of 2812 and 148?
148
Calculate the highest common factor of 31560 and 120.
120
What is the highest common factor of 261 and 46371?
87
What is the highest common divisor of 19 and 304?
19
What is the greatest common factor of 5330 and 123?
41
Calculate the greatest common factor of 51 and 26418.
51
What is the highest common factor of 1992 and 1743?
249
Calculate the greatest common divisor of 1672 and 3496.
152
Calculate the highest common factor of 560 and 448.
112
Calculate the highest common divisor of 10355 and 380.
95
What is the highest common divisor of 13708 and 276?
92
What is the greatest common divisor of 27 and 279?
9
Calculate the greatest common factor of 16 and 85.
1
What is the highest common divisor of 3713 and 1896?
79
Calculate the highest common factor of 26 and 7566.
26
What is the highest common factor of 2855 and 5?
5
Calculate the highest common factor of 1189 and 232.
29
Calculate the highest common divisor of 210 and 540.
30
Calculate the highest common factor of 11055 and 5.
5
Calculate the highest common factor of 305 and 2135.
305
Calculate the highest common factor of 28 and 64.
4
What is the highest common factor of 456 and 57?
57
What is the greatest common divisor of 5 and 235?
5
What is the greatest common divisor of 29 and 377?
29
Calculate the greatest common divisor of 5302 and 88.
22
What is the greatest common factor of 70 and 41930?
70
Calculate the highest common factor of 3396 and 8.
4
Calculate the greatest common divisor of 1815 and 120.
15
Calculate the highest common factor of 5580 and 72.
36
What is the highest common divisor of 17066 and 2254?
322
Calculate the highest common divisor of 3640 and 35.
35
Calculate the greatest common factor of 2646 and 1862.
98
Calculate the highest common divisor of 319 and 55.
11
What is the highest common factor of 704 and 11?
11
Calculate the highest common factor of 272 and 6171.
17
Calculate the highest common divisor of 7116 and 24.
12
Calculate the highest common divisor of 390 and 6370.
130
What is the greatest common divisor of 221 and 85?
17
Calculate the greatest common divisor of 15 and 4.
1
Calculate the greatest common divisor of 69072 and 48.
48
Calculate the highest common divisor of 97 and 776.
97
Calculate the greatest common factor of 1054 and 124.
62
What is the highest common divisor of 5 and 20?
5
Calculate the highest common divisor of 52 and 9620.
52
What is the highest common factor of 309 and 36?
3
Calculate the highest common divisor of 900 and 25.
25
Calculate the highest common factor of 134 and 6.
2
Calculate the highest common factor of 49 and 371.
7
Calculate the greatest common factor of 98 and 13986.
14
What is the greatest common factor of 16 and 3896?
8
What is the highest common factor of 19 and 26980?
19
Calculate the highest common factor of 30 and 230.
10
What is the greatest common factor of 13 and 143?
13
What is the highest common factor of 2882 and 66?
22
What is the greatest common divisor of 3743 and 133?
19
Calculate the highest common divisor of 3900 and 12.
12
What is the greatest common divisor of 35 and 371?
7
Calculate the greatest common divisor of 4 and 676.
4
Calculate the highest common factor of 96 and 660.
12
What is the highest common divisor of 24 and 376?
8
Calculate the highest common divisor of 5175 and 1575.
225
What is the greatest common divisor of 12 and 28?
4
What is the greatest common factor of 703 and 111?
37
What is the greatest common factor of 592 and 16?
16
What is the greatest common factor of 232 and 1972?
116
What is the highest common factor of 48 and 2240?
16
What is the greatest common divisor of 754 and 1247?
29
What is the greatest common divisor of 16864 and 16?
16
Calculate the highest common factor of 72 and 900.
36
What is the highest common divisor of 3927 and 255?
51
What is the highest common divisor of 680 and 40?
40
What is the greatest common factor of 61 and 8357?
61
What is the highest common divisor of 80 and 60?
20
Calculate the greatest common divisor of 13724 and 584.
292
What is the highest common divisor of 8240 and 80?
80
What is the greatest common factor of 8 and 52?
4
What is the highest common factor of 40 and 160?
40
What is the highest common factor of 14 and 126?
14
Calculate the greatest common factor of 5067 and 9.
9
What is the greatest common factor of 35 and 2240?
35
Calculate the highest common factor of 117 and 4459.
13
What is the highest common factor of 12 and 126?
6
What is the highest common divisor of 285 and 75?
15
Calculate the highest common factor of 10 and 2330.
10
Calculate the highest common divisor of 416 and 8.
8
Calculate the greatest common factor of 16 and 200.
8
What is the highest common factor of 56 and 7?
7
Calculate the highest common factor of 301 and 21.
7
What is the greatest common divisor of 15 and 165?
15
What is the highest common factor of 133 and 38?
19
What is the greatest common divisor of 65384 and 88?
88
What is the highest common divisor of 29 and 72326?
29
Calculate the highest common factor of 90 and 162.
18
What is the highest common factor of 99 and 2321?
11
Calculate the greatest common factor of 15478 and 218.
218
Calculate the highest common factor of 85 and 680.
85
What is the greatest common factor of 55 and 649?
11
What is the greatest common divisor of 5355 and 306?
153
Calculate the greatest common divisor of 357 and 459.
51
Calculate the greatest common factor of 19 and 1.
1
What is the highest common divisor of 140 and 1750?
70
What is the highest common divisor of 108 and 1908?
36
What is the greatest common divisor of 266 and 76?
38
Calculate the highest common divisor of 10 and 80.
10
What is the highest common divisor of 6183 and 27?
27
Calculate the highest common factor of 14 and 245.
7
What is the greatest common divisor of 3645 and 15?
15
What is the highest common divisor of 8832 and 69?
69
What is the highest common factor of 177 and 153?
3
Calculate the greatest common divisor of 890 and 240.
10
Calculate the highest common factor of 31 and 3193.
31
What is the highest common divisor of 407 and 777?
37
Calculate the greatest common divisor of 2 and 2462.
2
Calculate the greatest common factor of 275 and 11.
11
Calculate the greatest common divisor of 501 and 6.
3
Calculate the greatest common factor of 26937 and 738.
369
Calculate the highest common factor of 62 and 6.
2
What is the highest common factor of 2200 and 600?
200
Calculate the greatest common factor of 156 and 364.
52
What is the greatest common divisor of 266 and 646?
38
What is the highest common divisor of 11415 and 15?
15
Calculate the highest common divisor of 11620 and 16.
4
What is the greatest common factor of 144 and 32?
16
What is the highest common factor of 172 and 86?
86
What is the highest common divisor of 33 and 33?
33
What is the highest common factor of 58 and 4031?
29
What is the highest common factor of 108 and 972?
108
What is the greatest common divisor of 1659 and 21?
21
What is the highest common divisor of 105 and 495?
15
What is the greatest common factor of 105 and 7420?
35
Calculate the highest common factor of 38184 and 387.
129
Calculate the highest common factor of 9 and 12591.
9
What is the highest common factor of 77 and 2035?
11
What is the greatest common factor of 3942 and 292?
146
What is the greatest common divisor of 2 and 26?
2
What is the greatest common divisor of 3807 and 243?
81
What is the greatest common divisor of 1 and 24?
1
What is the greatest common divisor of 8 and 12?
4
What is the greatest common factor of 84 and 273?
21
Calculate the greatest common factor of 240 and 128.
16
What is the highest common factor of 2257 and 183?
61
What is the greatest common divisor of 280 and 60?
20
What is the highest common factor of 68 and 272?
68
What is the greatest common factor of 297 and 36?
9
Calculate the greatest common divisor 